{"id":195,"date":"2023-02-25T20:52:17","date_gmt":"2023-02-25T19:52:17","guid":{"rendered":"http:\/\/stefandudek.de\/wordpress\/?page_id=195"},"modified":"2023-03-28T18:38:22","modified_gmt":"2023-03-28T16:38:22","slug":"weiterbildung","status":"publish","type":"page","link":"https:\/\/stefandudek.de\/wordpress\/weiterbildung\/","title":{"rendered":"Weiterbildung"},"content":{"rendered":"<section class=\"fw-main-row \"  >\n\t<div class=\"fw-container\">\n\t\t<div class=\"row\">\n\t\r\n\r\n<div class=\" col-xs-12 col-sm-12 \">\r\n    <div id=\"col_inner_id-69d2605306332\" class=\"fw-col-inner\" data-paddings=\"0px 0px 0px 0px\">\r\n\t\t\n\t<div class=\"block-title fw-timeline-title\">\n\t\t<h3>Besuchte Veranstaltungen<\/h3>\n\t<\/div>\n\n<div id=\"timeline-69d260530644b\" class=\"timeline timeline-second-style clearfix\">\n\t\t\t\t\t<div class=\"timeline-item clearfix\">\n\t\t\t<div class=\"left-part\">\n\t\t\t\t<h5 class=\"item-period\">2023<\/h5>\n\t\t\t\t<span class=\"item-company\">IHK Hannover<\/span>\n\t\t\t\t\t\t\t<\/div>\n\t\t\t<div class=\"divider\"><\/div>\n\t\t\t<div class=\"right-part\">\n\t\t\t\t<h4 class=\"item-title\">Umsatzsteuer - Schwerpunkt Dienstleistungen<\/h4>\n\t\t\t\t<div class=\"text\">\n\t\t\t\t\t<p>Auffrischungsseminar mit den Schwerpunkten: Sonstige Leistungen | Leistungen an Nicht-Unternehmer | Elektronische Dienstleistungen OSS | Reverse Charge Verfahren<\/p>\t\t\t\t<\/div>\n\t\t\t<\/div>\n\t\t<\/div>\n\t\t\t\t\t\t\t<div class=\"timeline-item clearfix\">\n\t\t\t<div class=\"left-part\">\n\t\t\t\t<h5 class=\"item-period\">2023<\/h5>\n\t\t\t\t<span class=\"item-company\">IHK Hannover<\/span>\n\t\t\t\t\t\t\t<\/div>\n\t\t\t<div class=\"divider\"><\/div>\n\t\t\t<div class=\"right-part\">\n\t\t\t\t<h4 class=\"item-title\">Aktuelles zur Umsatzsteuer 2023<\/h4>\n\t\t\t\t<div class=\"text\">\n\t\t\t\t\t<p>Ausgew\u00e4hlte Themen: VAT in Digital Age (VIDA) | Rund um den Vorsteuerabzug<\/p>\t\t\t\t<\/div>\n\t\t\t<\/div>\n\t\t<\/div>\n\t\t\t\t\t\t\t<div class=\"timeline-item clearfix\">\n\t\t\t<div class=\"left-part\">\n\t\t\t\t<h5 class=\"item-period\">2022<\/h5>\n\t\t\t\t<span class=\"item-company\">Katrien Wayenberg<\/span>\n\t\t\t\t\t\t\t<\/div>\n\t\t\t<div class=\"divider\"><\/div>\n\t\t\t<div class=\"right-part\">\n\t\t\t\t<h4 class=\"item-title\">F\u00fchrungskr\u00e4fte-Entwicklungsprogramm<\/h4>\n\t\t\t\t<div class=\"text\">\n\t\t\t\t\t<p>Bausteine: SMART Kommunizieren | Typgerecht motivieren | L\u00f6sungsorientiert agieren und (de-)eskalieren | Fragen statt An(sagen) | Kommuniktion und Kollaboration | Besprechungen moderieren, Teilnehmer aktivieren | Adressatengerechte Kommuniktion |&nbsp;<a href=\"https:\/\/www.wayenberg.de\" target=\"_blank\" rel=\"noopener\">https:\/\/www.wayenberg.de<\/a><\/p>\t\t\t\t<\/div>\n\t\t\t<\/div>\n\t\t<\/div>\n\t\t\t\t\t\t\t<div class=\"timeline-item clearfix\">\n\t\t\t<div class=\"left-part\">\n\t\t\t\t<h5 class=\"item-period\">2019<\/h5>\n\t\t\t\t<span class=\"item-company\">aquinet finance &amp; controlling GmbH<\/span>\n\t\t\t\t\t\t\t<\/div>\n\t\t\t<div class=\"divider\"><\/div>\n\t\t\t<div class=\"right-part\">\n\t\t\t\t<h4 class=\"item-title\">Qlik Sense Designer<\/h4>\n\t\t\t\t<div class=\"text\">\n\t\t\t\t\t<p>2-t\u00e4giges Seminar, Inhalte: Gestaltungsprinzipien | Oberfl\u00e4che und Objekte | Dimensionen und Formeln | Oberfl\u00e4chenvariablen | Aggregierungen im Diagramm | Diagrammtypen und Anwendungen | Auswahlformeln | Erstellung eines Qlik Sense Dokuments mit Arbeitsbl\u00e4ttern<\/p>\t\t\t\t<\/div>\n\t\t\t<\/div>\n\t\t<\/div>\n\t\t\t\t\t\t\t<div class=\"timeline-item clearfix\">\n\t\t\t<div class=\"left-part\">\n\t\t\t\t<h5 class=\"item-period\">2019<\/h5>\n\t\t\t\t<span class=\"item-company\">Akademie f\u00fcr Internationale Rechnungslegung<\/span>\n\t\t\t\t\t\t\t<\/div>\n\t\t\t<div class=\"divider\"><\/div>\n\t\t\t<div class=\"right-part\">\n\t\t\t\t<h4 class=\"item-title\">Leasingbilanzierung (IFRS 16)<\/h4>\n\t\t\t\t<div class=\"text\">\n\t\t\t\t\t<p>Inhalte: Identifizierung von Leasingverh\u00e4ltnissen | Bilanzierung beim Leasinggeber | Bilanzierung beim Leasingnehmer | Auswirkungen auf Kennzahlen | Umstellung auf IFRS 16<\/p>\t\t\t\t<\/div>\n\t\t\t<\/div>\n\t\t<\/div>\n\t\t\t\t\t\t\t<div class=\"timeline-item clearfix\">\n\t\t\t<div class=\"left-part\">\n\t\t\t\t<h5 class=\"item-period\">2014<\/h5>\n\t\t\t\t<span class=\"item-company\">Logiline Systeme GmbH<\/span>\n\t\t\t\t\t\t\t<\/div>\n\t\t\t<div class=\"divider\"><\/div>\n\t\t\t<div class=\"right-part\">\n\t\t\t\t<h4 class=\"item-title\">Einreihung von Waren  Zolltarif<\/h4>\n\t\t\t\t<div class=\"text\">\n\t\t\t\t\t\t\t\t\t<\/div>\n\t\t\t<\/div>\n\t\t<\/div>\n\t\t\t\t\t\t\t<div class=\"timeline-item clearfix\">\n\t\t\t<div class=\"left-part\">\n\t\t\t\t<h5 class=\"item-period\">2011<\/h5>\n\t\t\t\t<span class=\"item-company\">Steuer-Fachschule Dr. Endriss<\/span>\n\t\t\t\t\t\t\t<\/div>\n\t\t\t<div class=\"divider\"><\/div>\n\t\t\t<div class=\"right-part\">\n\t\t\t\t<h4 class=\"item-title\">E-Bilanz<\/h4>\n\t\t\t\t<div class=\"text\">\n\t\t\t\t\t\t\t\t\t<\/div>\n\t\t\t<\/div>\n\t\t<\/div>\n\t\t\t\t\t\t\t<div class=\"timeline-item clearfix\">\n\t\t\t<div class=\"left-part\">\n\t\t\t\t<h5 class=\"item-period\">2011<\/h5>\n\t\t\t\t<span class=\"item-company\">Akademie f\u00fcr Internationale Rechnungslegung<\/span>\n\t\t\t\t\t\t\t<\/div>\n\t\t\t<div class=\"divider\"><\/div>\n\t\t\t<div class=\"right-part\">\n\t\t\t\t<h4 class=\"item-title\">Kapitalflussrechnung<\/h4>\n\t\t\t\t<div class=\"text\">\n\t\t\t\t\t\t\t\t\t<\/div>\n\t\t\t<\/div>\n\t\t<\/div>\n\t\t\t\t\t\t\t<div class=\"timeline-item clearfix\">\n\t\t\t<div class=\"left-part\">\n\t\t\t\t<h5 class=\"item-period\">2011<\/h5>\n\t\t\t\t<span class=\"item-company\">Steuer-Fachschule Dr. Endriss<\/span>\n\t\t\t\t\t\t\t<\/div>\n\t\t\t<div class=\"divider\"><\/div>\n\t\t\t<div class=\"right-part\">\n\t\t\t\t<h4 class=\"item-title\">R\u00fcckstellungen und latente Steuern<\/h4>\n\t\t\t\t<div class=\"text\">\n\t\t\t\t\t\t\t\t\t<\/div>\n\t\t\t<\/div>\n\t\t<\/div>\n\t\t\t\t\t\t\t<div class=\"timeline-item clearfix\">\n\t\t\t<div class=\"left-part\">\n\t\t\t\t<h5 class=\"item-period\">2011<\/h5>\n\t\t\t\t<span class=\"item-company\">Steuer-Fachschule Dr. Endriss<\/span>\n\t\t\t\t\t\t\t<\/div>\n\t\t\t<div class=\"divider\"><\/div>\n\t\t\t<div class=\"right-part\">\n\t\t\t\t<h4 class=\"item-title\">SAP &amp; Umsatzsteuer<\/h4>\n\t\t\t\t<div class=\"text\">\n\t\t\t\t\t\t\t\t\t<\/div>\n\t\t\t<\/div>\n\t\t<\/div>\n\t\t\t\t\t\t\t<div class=\"timeline-item clearfix\">\n\t\t\t<div class=\"left-part\">\n\t\t\t\t<h5 class=\"item-period\">2011<\/h5>\n\t\t\t\t<span class=\"item-company\">itelligence, Bielefeld<\/span>\n\t\t\t\t\t\t\t<\/div>\n\t\t\t<div class=\"divider\"><\/div>\n\t\t\t<div class=\"right-part\">\n\t\t\t\t<h4 class=\"item-title\">SAP BI-Enterprise Reporting<\/h4>\n\t\t\t\t<div class=\"text\">\n\t\t\t\t\t\t\t\t\t<\/div>\n\t\t\t<\/div>\n\t\t<\/div>\n\t\t\t<\/div>\n\t<\/div>\r\n<\/div>\r\n<\/div>\n\n\t<\/div>\n<\/section>\n\n","protected":false},"excerpt":{"rendered":"<p>Besuchte Veranstaltungen 2023 IHK Hannover Umsatzsteuer &#8211; Schwerpunkt Dienstleistungen Auffrischungsseminar mit den Schwerpunkten: Sonstige Leistungen | Leistungen an Nicht-Unternehmer | Elektronische Dienstleistungen OSS | Reverse Charge Verfahren 2023 IHK Hannover Aktuelles zur Umsatzsteuer 2023 Ausgew\u00e4hlte Themen: VAT in Digital Age (VIDA) | Rund um den Vorsteuerabzug 2022 Katrien Wayenberg F\u00fchrungskr\u00e4fte-Entwicklungsprogramm Bausteine: SMART Kommunizieren | Typgerecht&#8230;<\/p>\n<p><a class=\"read-more\" href=\"https:\/\/stefandudek.de\/wordpress\/weiterbildung\/\">Read More<\/a><\/p>\n","protected":false},"author":1,"featured_media":0,"parent":0,"menu_order":0,"comment_status":"closed","ping_status":"closed","template":"","meta":{"footnotes":""},"_links":{"self":[{"href":"https:\/\/stefandudek.de\/wordpress\/wp-json\/wp\/v2\/pages\/195"}],"collection":[{"href":"https:\/\/stefandudek.de\/wordpress\/wp-json\/wp\/v2\/pages"}],"about":[{"href":"https:\/\/stefandudek.de\/wordpress\/wp-json\/wp\/v2\/types\/page"}],"author":[{"embeddable":true,"href":"https:\/\/stefandudek.de\/wordpress\/wp-json\/wp\/v2\/users\/1"}],"replies":[{"embeddable":true,"href":"https:\/\/stefandudek.de\/wordpress\/wp-json\/wp\/v2\/comments?post=195"}],"version-history":[{"count":19,"href":"https:\/\/stefandudek.de\/wordpress\/wp-json\/wp\/v2\/pages\/195\/revisions"}],"predecessor-version":[{"id":318,"href":"https:\/\/stefandudek.de\/wordpress\/wp-json\/wp\/v2\/pages\/195\/revisions\/318"}],"wp:attachment":[{"href":"https:\/\/stefandudek.de\/wordpress\/wp-json\/wp\/v2\/media?parent=195"}],"curies":[{"name":"wp","href":"https:\/\/api.w.org\/{rel}","templated":true}]}}