{"id":4,"date":"2018-04-05T09:52:34","date_gmt":"2018-04-05T09:52:34","guid":{"rendered":"http:\/\/stefandudek.de\/wordpress\/?page_id=4"},"modified":"2023-09-30T11:39:01","modified_gmt":"2023-09-30T09:39:01","slug":"about-me","status":"publish","type":"page","link":"https:\/\/stefandudek.de\/wordpress\/","title":{"rendered":"\u00dcber mich"},"content":{"rendered":"<section class=\"fw-main-row \"  >\n\t<div class=\"fw-container\">\n\t\t<div class=\"row\">\n\t\r\n\r\n<div class=\" col-xs-12 col-sm-12 \">\r\n    <div id=\"col_inner_id-69d28e1823225\" class=\"fw-col-inner\" data-paddings=\"0px 0px 0px 0px\">\r\n\t\t\n<div class=\"block-title\">\n    <h3>\u00dcber mich<span><\/span><\/h3>\n<\/div>\n\t<\/div>\r\n<\/div>\r\n<\/div>\n\n<div class=\"row\">\n\t\r\n\r\n<div class=\" col-xs-12 col-sm-6 \">\r\n    <div id=\"col_inner_id-69d28e18233e0\" class=\"fw-col-inner\" data-paddings=\"0px 0px 0px 0px\">\r\n\t\t\n<div id=\"info-list-69d28e18234d3\" class=\"info-list-w-icon\">\n\t\n\t\t\t\t\t<div id=\"info_block_with_icon_8a5a84e10a5ae26b5e6fdf4c9203bbf4\" class=\"info-block-w-icon\" data-color=\"#888\">\n\t\t\t\t    <div class=\"ci-icon\">\n\t\t        \t\t        \t                        <i class=\"lnr lnr-store\"><\/i>\n\t\t                \t\t    <\/div>\n\t\t    <div class=\"ci-text\">\n\t\t        <h4>Ich biete ...<\/h4>\n\t\t        <p>Vielseitigkeit | Flexibilit\u00e4t | Operative Mitarbeit | Ausgepr\u00e4gtes Datenverst\u00e4ndnis | Schnelle Auffassungsgabe | Verl\u00e4sslichkeit und Vertrauen | Analytische F\u00e4higkeiten | Weitsicht | Teamplayer | Sanierungserfahrung | Konzeptionelles Arbeiten | Zielorientiertheit | Effizienzgewinne und Verbesserungen | Fachwissen und Fortbildung<\/p>\n\t\t    <\/div>\n\t\t<\/div>\n\t\t\t\t\t<div id=\"info_block_with_icon_5b4a00402a13e31ab3ceb33d762d31b4\" class=\"info-block-w-icon\" data-color=\"#888\">\n\t\t\t\t    <div class=\"ci-icon\">\n\t\t        \t\t        \t                        <i class=\"lnr lnr-laptop-phone\"><\/i>\n\t\t                \t\t    <\/div>\n\t\t    <div class=\"ci-text\">\n\t\t        <h4>Zwei meiner Lieblingszitate ...<\/h4>\n\t\t        <p>\u201cDer Sinn des Lebens besteht nicht darin ein erfolgreicher Mensch zu sein, sondern ein wertvoller.\u201d | \"Lebe im hier und jetzt.\"<\/p>\n\t\t    <\/div>\n\t\t<\/div>\n\t<\/div>\n\t<\/div>\r\n<\/div>\r\n\r\n\r\n<div class=\" col-xs-12 col-sm-6 \">\r\n    <div id=\"col_inner_id-69d28e18235a0\" class=\"fw-col-inner\" data-paddings=\"0px 0px 0px 0px\">\r\n\t\t\n<div id=\"info-list-69d28e182363d\" class=\"info-list-w-icon\">\n\t\n\t\t\t\t\t<div id=\"info_block_with_icon_85a10b731bada1edb9304670db22f3ea\" class=\"info-block-w-icon\" data-color=\"#888\">\n\t\t\t\t    <div class=\"ci-icon\">\n\t\t        \t\t        \t                        <i class=\"lnr lnr-pencil\"><\/i>\n\t\t                \t\t    <\/div>\n\t\t    <div class=\"ci-text\">\n\t\t        <h4>Ich unterst\u00fctze gerne bei ...<\/h4>\n\t\t        <p>Erstellung von Abschl\u00fcssen nach HGB und IFRS | Tempor\u00e4re Vertretung | Datenanalysen und -aufbereitung | Automatisierungsprojekten |  Accountingprojekten | Umsatzsteuer | Microsoft Navision Projekten und Schulungen | Kurz-, mittel- und langfristige Finanzplanung | Effizienz in Accounting-Prozessen | Prozessdokumentation | Sanierungsprojekten<\/p>\n\t\t    <\/div>\n\t\t<\/div>\n\t\t\t\t\t<div id=\"info_block_with_icon_05efcba0355775214f04ef7e94e1526a\" class=\"info-block-w-icon\" data-color=\"#888\">\n\t\t\t\t    <div class=\"ci-icon\">\n\t\t        \t\t        \t                        <i class=\"lnr lnr-flag\"><\/i>\n\t\t                \t\t    <\/div>\n\t\t    <div class=\"ci-text\">\n\t\t        <h4>Fakten \u00fcber mich ...<\/h4>\n\t\t        <p>45 Jahre alt | geboren in Rostock | wohnhaft in Sarstedt\/Niedersachsen | verheiratet | 3 Kinder | Joggen | Aktiver \u00dc40-Fu\u00dfball | Heimwerken<\/p>\n\t\t    <\/div>\n\t\t<\/div>\n\t<\/div>\n\t<\/div>\r\n<\/div>\r\n<\/div>\n\n<div class=\"row\">\n\t\r\n\r\n<div class=\" col-xs-12 col-sm-12 \">\r\n    <div id=\"col_inner_id-69d28e1823794\" class=\"fw-col-inner\" data-paddings=\"20px 0px 40px 0px\">\r\n\t\t\n<div class=\"block-title\">\n    <h3>Pers\u00f6nliche Referenzen<span><\/span><\/h3>\n<\/div>\n\n\n<div id=\"testimonials_8900c0b0ebb125e163eaec6d28782f5c\" class=\"testimonials owl-carousel \n\ttestimonials-loop-off \n\tautoplay-off\t\" \n\tdata-mobile-items=\"1\" \n\tdata-tablet-items=\"2\" \n\tdata-items=\"2 \"\n\tdata-by-page=\"1\"\n\t>\n\n\t\t\t<!-- Testimonial testimonials-69d28e182390d -->\n\t\t<div class=\"testimonial-item testimonial-testimonials-69d28e182390d\">\n\n\t\t\t<!-- Testimonial Content -->\n\t\t\t<div class=\"testimonial-content\">\n\t\t\t\t<div class=\"testimonial-text\">\n                    \t\t\t\t\t   <p>&quot;Die Zusammenarbeit mit Stefan Dudek war \u00e4u\u00dferst vertrauensvoll. Er hat als Leiter des Konzernrechnungswesens in einem dynamischen Umfeld stets mit Weitsicht und hohem Verantwortungsbewu\u00dftsein gehandelt.&quot; <\/p>\n                    \t\t\t\t<\/div>\n\t\t\t<\/div>            \n\t\t\t<!-- \/Testimonial Content -->\n\n\t\t\t<!-- Testimonial Author -->\n\t\t\t<div class=\"testimonial-credits\">\n\t\t\t\t<!-- Picture -->\n\t\t\t\t<div class=\"testimonial-picture\">\n\t\t\t\t\t\t\t\t\t\t<img src=\"\/\/stefandudek.de\/wordpress\/wp-content\/uploads\/2018\/04\/main_photo.jpg\" alt=\"Thomas Loock\"\/>\n\t\t\t\t<\/div>              \n\t\t\t\t<!-- \/Picture -->\n\t\t\t\t<!-- Testimonial author information -->\n\t\t\t\t<div class=\"testimonial-author-info\">\n\t\t\t\t\t<p class=\"testimonial-author\">Thomas Loock<\/p>\n\t\t\t\t\t\t\t\t\t\t\t\t\t\t\t\t\t\t\t\t\t\t\t\t\t<p class=\"testimonial-firm\"><a href=\"https:\/\/www.linkedin.com\/in\/thomasloock\/\" target=\"_blank\" rel=\"noopener\">Delticom AG, CFO | 2019-2022<\/a><\/p>\n\t\t\t\t\t\t\t\t\t\t\t\t\t\t\t<\/div>\n\t\t\t<\/div>\n\t\t\t<!-- \/Testimonial author information -->  \n  \n\t\t<\/div>\n\t\t<!-- End of Testimonial testimonials-69d28e182390d -->\n\t\t\t<!-- Testimonial testimonials-69d28e182390d -->\n\t\t<div class=\"testimonial-item testimonial-testimonials-69d28e182390d\">\n\n\t\t\t<!-- Testimonial Content -->\n\t\t\t<div class=\"testimonial-content\">\n\t\t\t\t<div class=\"testimonial-text\">\n                    \t\t\t\t\t   <p>&quot;Im Rahmen eines Kulturentwicklungsprozesses seines Arbeitgebers habe ich Stefan Dudek kennengelernt und infolgedessen sowohl mit ihm pers\u00f6nlich als auch seinem Team gearbeitet. Bei Stefan Dudek handelt es sich um eine werteorientierte Pers\u00f6nlichkeit, dem es in seiner Aufgabe als F\u00fchrungskraft gelingt sowohl bei seinem Team als auch im Unternehmen positive Bewegung auszul\u00f6sen.&quot;<\/p>\n                    \t\t\t\t<\/div>\n\t\t\t<\/div>            \n\t\t\t<!-- \/Testimonial Content -->\n\n\t\t\t<!-- Testimonial Author -->\n\t\t\t<div class=\"testimonial-credits\">\n\t\t\t\t<!-- Picture -->\n\t\t\t\t<div class=\"testimonial-picture\">\n\t\t\t\t\t\t\t\t\t\t<img src=\"\/\/stefandudek.de\/wordpress\/wp-content\/uploads\/2018\/04\/main_photo.jpg\" alt=\"Andrea Spreitzer\"\/>\n\t\t\t\t<\/div>              \n\t\t\t\t<!-- \/Picture -->\n\t\t\t\t<!-- Testimonial author information -->\n\t\t\t\t<div class=\"testimonial-author-info\">\n\t\t\t\t\t<p class=\"testimonial-author\">Andrea Spreitzer<\/p>\n\t\t\t\t\t\t\t\t\t\t\t\t\t\t\t\t\t\t\t\t\t\t\t\t\t<p class=\"testimonial-firm\"><a href=\"https:\/\/www.asconsulting.at\" target=\"_blank\" rel=\"noopener\">AS Development Consulting | 2022<\/a><\/p>\n\t\t\t\t\t\t\t\t\t\t\t\t\t\t\t<\/div>\n\t\t\t<\/div>\n\t\t\t<!-- \/Testimonial author information -->  \n  \n\t\t<\/div>\n\t\t<!-- End of Testimonial testimonials-69d28e182390d -->\n\t<\/div>\n\t<\/div>\r\n<\/div>\r\n<\/div>\n\n\t<\/div>\n<\/section>\n\n","protected":false},"excerpt":{"rendered":"<p>\u00dcber mich Ich biete &#8230; Vielseitigkeit | Flexibilit\u00e4t | Operative Mitarbeit | Ausgepr\u00e4gtes Datenverst\u00e4ndnis | Schnelle Auffassungsgabe | Verl\u00e4sslichkeit und Vertrauen | Analytische F\u00e4higkeiten | Weitsicht | Teamplayer | Sanierungserfahrung | Konzeptionelles Arbeiten | Zielorientiertheit | Effizienzgewinne und Verbesserungen | Fachwissen und Fortbildung Zwei meiner Lieblingszitate &#8230; \u201cDer Sinn des Lebens besteht nicht darin ein&#8230;<\/p>\n<p><a class=\"read-more\" href=\"https:\/\/stefandudek.de\/wordpress\/\">Read More<\/a><\/p>\n","protected":false},"author":1,"featured_media":0,"parent":0,"menu_order":0,"comment_status":"closed","ping_status":"closed","template":"page-templates\/template-kerge-start-page.php","meta":{"footnotes":""},"_links":{"self":[{"href":"https:\/\/stefandudek.de\/wordpress\/wp-json\/wp\/v2\/pages\/4"}],"collection":[{"href":"https:\/\/stefandudek.de\/wordpress\/wp-json\/wp\/v2\/pages"}],"about":[{"href":"https:\/\/stefandudek.de\/wordpress\/wp-json\/wp\/v2\/types\/page"}],"author":[{"embeddable":true,"href":"https:\/\/stefandudek.de\/wordpress\/wp-json\/wp\/v2\/users\/1"}],"replies":[{"embeddable":true,"href":"https:\/\/stefandudek.de\/wordpress\/wp-json\/wp\/v2\/comments?post=4"}],"version-history":[{"count":36,"href":"https:\/\/stefandudek.de\/wordpress\/wp-json\/wp\/v2\/pages\/4\/revisions"}],"predecessor-version":[{"id":361,"href":"https:\/\/stefandudek.de\/wordpress\/wp-json\/wp\/v2\/pages\/4\/revisions\/361"}],"wp:attachment":[{"href":"https:\/\/stefandudek.de\/wordpress\/wp-json\/wp\/v2\/media?parent=4"}],"curies":[{"name":"wp","href":"https:\/\/api.w.org\/{rel}","templated":true}]}}